{"id":17223,"date":"2023-04-03T17:30:31","date_gmt":"2023-04-03T15:30:31","guid":{"rendered":"https:\/\/www.hotelwallner.at\/?page_id=17223"},"modified":"2023-06-20T14:39:52","modified_gmt":"2023-06-20T12:39:52","slug":"impressum-2","status":"publish","type":"page","link":"https:\/\/www.hotelwallner.at\/it\/impressum-2\/","title":{"rendered":"Diritti"},"content":{"rendered":"<div      class=\"vc_row wpb_row section vc_row-fluid\" style=' text-align:left;'><div class=\"full_section_inner clearfix\"><div class=\"wpb_column vc_column_container vc_col-sm-12\"><div class=\"vc_column-inner\"><div class=\"wpb_wrapper\">\n\t<div class=\"wpb_text_column wpb_content_element\">\n\t\t<div class=\"wpb_wrapper\">\n\t\t\t<h1>Diritti<\/h1>\n<p><em>Seitenbetreiber und f\u00fcr den Inhalt verantwortlich:<\/em><\/p>\n<p><strong>Restaurant-Hotel Wallner GmbH<\/strong><br \/>\n<strong>zum gr\u00fcnen Baum<\/strong><\/p>\n<p>Westbahnstra\u00dfe 58<br \/>\n4300 St.Valentin &#8211; \u00d6sterreich<\/p>\n<p>Telefono: <a href=\"tel:+43-7435-52454\">+43 7435\/52454<\/a><br \/>\nFax: +43 7435\/52454-5<br \/>\nE-Mail: <a href=\"&#109;&#x61;i&#x6c;t&#111;&#x3a;&#105;&#x6e;f&#111;&#x40;&#122;&#x75;m&#x2d;&#x67;&#114;&#x75;e&#x6e;e&#110;&#x2d;&#98;&#x61;u&#109;&#x2e;&#97;&#x74;\">info&#64;zum&#45;&#103;&#114;&#117;&#101;&#110;&#101;&#110;&#45;&#98;&#x61;&#x75;&#x6d;&#x2e;&#x61;&#x74;<\/a><\/p>\n<p>&nbsp;<\/p>\n<p>Beh\u00f6rde: Bezirkshauptmannschaft Amstetten, UID: ATU-64515304; Firmenbuchnummer: FN 317089 h<\/p>\n<p><strong><br \/>\nMitglied der Wirtschaftskammer Nieder\u00f6sterreich<\/strong><br \/>\n<a href=\"http:\/\/firmen.wko.at\/Web\/DetailsKontakt.aspx?FirmaID=691a3d5e-b422-4a83-9592-e85c34a08492&amp;StandortID=0&amp;Suchbegriff=Hotel+Wallner&amp;Page=1\" target=\"_blank\" rel=\"noopener noreferrer\">Informationspflicht lt. \u00a7 5 Abs. 1 E-Commerce-Gesetz<\/a><\/p>\n<p><a href=\"https:\/\/www.hotelwallner.at\/wp2017\/wp-content\/uploads\/2015\/05\/Agb_Hotellerie.pdf\" target=\"_blank\" rel=\"noopener noreferrer\">Condizioni generali<\/a><\/p>\n<p><strong><br \/>\nBildnachweis<\/strong><br \/>\nRestaurant-Hotel Wallner GmbH<br \/>\n\u00a9 weinfranz.at<\/p>\n<p>&nbsp;<\/p>\n<p><a href=\"https:\/\/www.hotelwallner.at\/datenschutzerklaerung\/\">Zur Datenschutzerkl\u00e4rung<\/a><\/p>\n<p>&nbsp;<\/p>\n<h2>Haftungsausschluss<\/h2>\n<h4><strong>Inhalte<\/strong><\/h4>\n<p>Der Autor \u00fcbernimmt keinerlei Gew\u00e4hr f\u00fcr die Aktualit\u00e4t, Korrektheit, Vollst\u00e4ndigkeit oder Qualit\u00e4t der bereitgestellten Informationen. Haftungsanspr\u00fcche gegen den Autor, welche sich auf Sch\u00e4den materieller oder ideeller Art beziehen, die durch die Nutzung oder Nichtnutzung der dargebotenen Informationen bzw. durch die Nutzung fehlerhafter und unvollst\u00e4ndiger Informationen verursacht wurden, sind grunds\u00e4tzlich ausgeschlossen, sofern seitens des Autors kein nachweislich vors\u00e4tzliches oder grob fahrl\u00e4ssiges Verschulden vorliegt. Alle Angebote sind freibleibend und unverbindlich. Der Autor beh\u00e4lt es sich ausdr\u00fccklich vor, Teile der Seiten oder das gesamte Angebot ohne gesonderte Ank\u00fcndigung zu ver\u00e4ndern, zu erg\u00e4nzen, zu l\u00f6schen oder die Ver\u00f6ffentlichung zeitweise oder endg\u00fcltig einzustellen.<\/p>\n<h4><strong>Urheber- und Nutzungsrechte<\/strong><\/h4>\n<p>S\u00e4mtliche Inhalte wie Texte, Bilder, Grafiken, Animationen, Videos, Sound oder sonstige Materialien dieser Website sind, sofern nicht anders angegeben, Eigentum des Seitenbetreibers oder dessen Partner bzw. hat der Seitenbetreiber das Nutzungsrecht daf\u00fcr. S\u00e4mtliche auf dieser Domain gehosteten Materialien d\u00fcrfen nicht ohne ausdr\u00fcckliche Zustimmung anderweitig verwendet werden.<\/p>\n<h4><strong>Genderhinweis<\/strong><\/h4>\n<p>Aus Gr\u00fcnden der einfacheren Lesbarkeit wird auf die geschlechtsspezifische Differenzierung verzichtet. Entsprechende Begriffe gelten im Sinne der Gleichbehandlung grunds\u00e4tzlich f\u00fcr beide Geschlechter.<\/p>\n<h2>Barrierefreiheit<\/h2>\n<p>Wir versuchen unser bestes, diese Website hinsichtlich der Barrierefreiheit zu optimieren. Wenn Sie trotz unseres Bem\u00fchens auf Schwierigkeiten sto\u00dfen oder Anregungen zur Verbesserung haben, freuen wir uns \u00fcber Ihr Feedback unter den oben angegebenen Kontaktdaten.<\/p>\n\n\t\t<\/div> \n\t<\/div> <\/div><\/div><\/div><\/div><\/div><div      class=\"vc_row wpb_row section vc_row-fluid\" style=' text-align:left;'><div class=\"full_section_inner clearfix\"><div class=\"wpb_column vc_column_container vc_col-sm-12\"><div class=\"vc_column-inner\"><div class=\"wpb_wrapper\">\t<div class=\"vc_empty_space\"  style=\"height: 32px\" ><span\n\t\t\tclass=\"vc_empty_space_inner\">\n\t\t\t<span class=\"empty_space_image\"  ><\/span>\n\t\t<\/span><\/div>\n\n<\/div><\/div><\/div><\/div><\/div>","protected":false},"excerpt":{"rendered":"Impressum Seitenbetreiber und f\u00fcr den Inhalt verantwortlich: Restaurant-Hotel Wallner GmbH zum gr\u00fcnen Baum Westbahnstra\u00dfe 58 4300 St.Valentin - \u00d6sterreich Telefon: +43 7435\/52454 Fax: +43 7435\/52454-5 E-Mail: &#x69;&#110;&#102;o&#x40;&#x7a;&#117;m&#x2d;&#x67;&#114;u&#x65;&#x6e;&#101;n&#x2d;&#x62;&#97;u&#x6d;&#x2e;&#97;t &nbsp; Beh\u00f6rde: Bezirkshauptmannschaft Amstetten, UID: ATU-64515304; Firmenbuchnummer: FN 317089 h Mitglied der Wirtschaftskammer Nieder\u00f6sterreich Informationspflicht lt. \u00a7 5...","protected":false},"author":2,"featured_media":0,"parent":0,"menu_order":17,"comment_status":"closed","ping_status":"closed","template":"","meta":{"footnotes":""},"yoast_head":"<!-- This site is optimized with the Yoast SEO plugin v22.3 - https:\/\/yoast.com\/wordpress\/plugins\/seo\/ -->\n<title>Impressum - Restaurant-Hotel Wallner zum gr\u00fcnen Baum<\/title>\n<meta name=\"robots\" content=\"index, follow, max-snippet:-1, max-image-preview:large, max-video-preview:-1\" \/>\n<link rel=\"canonical\" href=\"https:\/\/www.hotelwallner.at\/it\/impressum-2\/\" \/>\n<meta property=\"og:locale\" content=\"it_IT\" \/>\n<meta property=\"og:type\" content=\"article\" \/>\n<meta property=\"og:title\" content=\"Impressum - Restaurant-Hotel Wallner zum gr\u00fcnen Baum\" \/>\n<meta property=\"og:url\" content=\"https:\/\/www.hotelwallner.at\/it\/impressum-2\/\" \/>\n<meta property=\"og:site_name\" content=\"Restaurant-Hotel Wallner zum gr\u00fcnen Baum\" \/>\n<meta property=\"article:publisher\" content=\"https:\/\/www.facebook.com\/restauranthotelwallner\/\" \/>\n<meta property=\"article:modified_time\" content=\"2023-06-20T12:39:52+00:00\" \/>\n<meta name=\"twitter:card\" content=\"summary_large_image\" \/>\n<meta name=\"twitter:label1\" content=\"Tempo di lettura stimato\" \/>\n\t<meta name=\"twitter:data1\" content=\"2 minuti\" \/>\n<script type=\"application\/ld+json\" class=\"yoast-schema-graph\">{\"@context\":\"https:\/\/schema.org\",\"@graph\":[{\"@type\":\"WebPage\",\"@id\":\"https:\/\/www.hotelwallner.at\/impressum-2\/\",\"url\":\"https:\/\/www.hotelwallner.at\/impressum-2\/\",\"name\":\"Impressum - Restaurant-Hotel Wallner zum gr\u00fcnen Baum\",\"isPartOf\":{\"@id\":\"https:\/\/www.hotelwallner.at\/#website\"},\"datePublished\":\"2023-04-03T15:30:31+00:00\",\"dateModified\":\"2023-06-20T12:39:52+00:00\",\"breadcrumb\":{\"@id\":\"https:\/\/www.hotelwallner.at\/impressum-2\/#breadcrumb\"},\"inLanguage\":\"it-IT\",\"potentialAction\":[{\"@type\":\"ReadAction\",\"target\":[\"https:\/\/www.hotelwallner.at\/impressum-2\/\"]}]},{\"@type\":\"BreadcrumbList\",\"@id\":\"https:\/\/www.hotelwallner.at\/impressum-2\/#breadcrumb\",\"itemListElement\":[{\"@type\":\"ListItem\",\"position\":1,\"name\":\"Startseite\",\"item\":\"https:\/\/www.hotelwallner.at\/\"},{\"@type\":\"ListItem\",\"position\":2,\"name\":\"Impressum\"}]},{\"@type\":\"WebSite\",\"@id\":\"https:\/\/www.hotelwallner.at\/#website\",\"url\":\"https:\/\/www.hotelwallner.at\/\",\"name\":\"Restaurant - Hotel Wallner\",\"description\":\"Ihr Hotel &amp; Restaurant in St. Valentin im Mostviertel\",\"publisher\":{\"@id\":\"https:\/\/www.hotelwallner.at\/#organization\"},\"potentialAction\":[{\"@type\":\"SearchAction\",\"target\":{\"@type\":\"EntryPoint\",\"urlTemplate\":\"https:\/\/www.hotelwallner.at\/?s={search_term_string}\"},\"query-input\":\"required name=search_term_string\"}],\"inLanguage\":\"it-IT\"},{\"@type\":\"Organization\",\"@id\":\"https:\/\/www.hotelwallner.at\/#organization\",\"name\":\"Restaurant-Hotel Wallner zum gr\u00fcnen Baum\",\"url\":\"https:\/\/www.hotelwallner.at\/\",\"logo\":{\"@type\":\"ImageObject\",\"inLanguage\":\"it-IT\",\"@id\":\"https:\/\/www.hotelwallner.at\/#\/schema\/logo\/image\/\",\"url\":\"https:\/\/www.hotelwallner.at\/wp2017\/wp-content\/uploads\/2015\/05\/wallner-Logo.png\",\"contentUrl\":\"https:\/\/www.hotelwallner.at\/wp2017\/wp-content\/uploads\/2015\/05\/wallner-Logo.png\",\"width\":500,\"height\":245,\"caption\":\"Restaurant-Hotel Wallner zum gr\u00fcnen Baum\"},\"image\":{\"@id\":\"https:\/\/www.hotelwallner.at\/#\/schema\/logo\/image\/\"},\"sameAs\":[\"https:\/\/www.facebook.com\/restauranthotelwallner\/\",\"https:\/\/www.instagram.com\/restaurant_hotel_wallner\/\"]}]}<\/script>\n<!-- \/ Yoast SEO plugin. -->","yoast_head_json":{"title":"Impressum - Restaurant-Hotel Wallner zum gr\u00fcnen Baum","robots":{"index":"index","follow":"follow","max-snippet":"max-snippet:-1","max-image-preview":"max-image-preview:large","max-video-preview":"max-video-preview:-1"},"canonical":"https:\/\/www.hotelwallner.at\/it\/impressum-2\/","og_locale":"it_IT","og_type":"article","og_title":"Impressum - Restaurant-Hotel Wallner zum gr\u00fcnen Baum","og_url":"https:\/\/www.hotelwallner.at\/it\/impressum-2\/","og_site_name":"Restaurant-Hotel Wallner zum gr\u00fcnen Baum","article_publisher":"https:\/\/www.facebook.com\/restauranthotelwallner\/","article_modified_time":"2023-06-20T12:39:52+00:00","twitter_card":"summary_large_image","twitter_misc":{"Tempo di lettura stimato":"2 minuti"},"schema":{"@context":"https:\/\/schema.org","@graph":[{"@type":"WebPage","@id":"https:\/\/www.hotelwallner.at\/impressum-2\/","url":"https:\/\/www.hotelwallner.at\/impressum-2\/","name":"Impressum - Restaurant-Hotel Wallner zum gr\u00fcnen Baum","isPartOf":{"@id":"https:\/\/www.hotelwallner.at\/#website"},"datePublished":"2023-04-03T15:30:31+00:00","dateModified":"2023-06-20T12:39:52+00:00","breadcrumb":{"@id":"https:\/\/www.hotelwallner.at\/impressum-2\/#breadcrumb"},"inLanguage":"it-IT","potentialAction":[{"@type":"ReadAction","target":["https:\/\/www.hotelwallner.at\/impressum-2\/"]}]},{"@type":"BreadcrumbList","@id":"https:\/\/www.hotelwallner.at\/impressum-2\/#breadcrumb","itemListElement":[{"@type":"ListItem","position":1,"name":"Startseite","item":"https:\/\/www.hotelwallner.at\/"},{"@type":"ListItem","position":2,"name":"Impressum"}]},{"@type":"WebSite","@id":"https:\/\/www.hotelwallner.at\/#website","url":"https:\/\/www.hotelwallner.at\/","name":"Restaurant - Hotel Wallner","description":"Ihr Hotel &amp; Restaurant in St. Valentin im Mostviertel","publisher":{"@id":"https:\/\/www.hotelwallner.at\/#organization"},"potentialAction":[{"@type":"SearchAction","target":{"@type":"EntryPoint","urlTemplate":"https:\/\/www.hotelwallner.at\/?s={search_term_string}"},"query-input":"required name=search_term_string"}],"inLanguage":"it-IT"},{"@type":"Organization","@id":"https:\/\/www.hotelwallner.at\/#organization","name":"Restaurant-Hotel Wallner zum gr\u00fcnen Baum","url":"https:\/\/www.hotelwallner.at\/","logo":{"@type":"ImageObject","inLanguage":"it-IT","@id":"https:\/\/www.hotelwallner.at\/#\/schema\/logo\/image\/","url":"https:\/\/www.hotelwallner.at\/wp2017\/wp-content\/uploads\/2015\/05\/wallner-Logo.png","contentUrl":"https:\/\/www.hotelwallner.at\/wp2017\/wp-content\/uploads\/2015\/05\/wallner-Logo.png","width":500,"height":245,"caption":"Restaurant-Hotel Wallner zum gr\u00fcnen Baum"},"image":{"@id":"https:\/\/www.hotelwallner.at\/#\/schema\/logo\/image\/"},"sameAs":["https:\/\/www.facebook.com\/restauranthotelwallner\/","https:\/\/www.instagram.com\/restaurant_hotel_wallner\/"]}]}},"publishpress_future_action":{"enabled":false,"date":"2026-05-03 10:45:06","action":"change-status","newStatus":"draft","terms":[],"taxonomy":""},"_links":{"self":[{"href":"https:\/\/www.hotelwallner.at\/it\/wp-json\/wp\/v2\/pages\/17223"}],"collection":[{"href":"https:\/\/www.hotelwallner.at\/it\/wp-json\/wp\/v2\/pages"}],"about":[{"href":"https:\/\/www.hotelwallner.at\/it\/wp-json\/wp\/v2\/types\/page"}],"author":[{"embeddable":true,"href":"https:\/\/www.hotelwallner.at\/it\/wp-json\/wp\/v2\/users\/2"}],"replies":[{"embeddable":true,"href":"https:\/\/www.hotelwallner.at\/it\/wp-json\/wp\/v2\/comments?post=17223"}],"version-history":[{"count":1,"href":"https:\/\/www.hotelwallner.at\/it\/wp-json\/wp\/v2\/pages\/17223\/revisions"}],"predecessor-version":[{"id":17565,"href":"https:\/\/www.hotelwallner.at\/it\/wp-json\/wp\/v2\/pages\/17223\/revisions\/17565"}],"wp:attachment":[{"href":"https:\/\/www.hotelwallner.at\/it\/wp-json\/wp\/v2\/media?parent=17223"}],"curies":[{"name":"wp","href":"https:\/\/api.w.org\/{rel}","templated":true}]}}

<div      class="vc_row wpb_row section vc_row-fluid" style=' text-align:left;'><div class="full_section_inner clearfix"><div class="wpb_column vc_column_container vc_col-sm-12"><div class="vc_column-inner"><div class="wpb_wrapper">
	<div class="wpb_text_column wpb_content_element">
		<div class="wpb_wrapper">
			<h1>Diritti</h1>
<p><em>Seitenbetreiber und für den Inhalt verantwortlich:</em></p>
<p><strong>Restaurant-Hotel Wallner GmbH</strong><br />
<strong>zum grünen Baum</strong></p>
<p>Westbahnstraße 58<br />
4300 St.Valentin &#8211; Österreich</p>
<p>Telefono: <a href="tel:+43-7435-52454">+43 7435/52454</a><br />
Fax: +43 7435/52454-5<br />
E-Mail: <a href="&#109;&#x61;i&#x6c;t&#111;&#x3a;&#105;&#x6e;f&#111;&#x40;&#122;&#x75;m&#x2d;&#x67;&#114;&#x75;e&#x6e;e&#110;&#x2d;&#98;&#x61;u&#109;&#x2e;&#97;&#x74;">info&#64;zum&#45;&#103;&#114;&#117;&#101;&#110;&#101;&#110;&#45;&#98;&#x61;&#x75;&#x6d;&#x2e;&#x61;&#x74;</a></p>
<p>&nbsp;</p>
<p>Behörde: Bezirkshauptmannschaft Amstetten, UID: ATU-64515304; Firmenbuchnummer: FN 317089 h</p>
<p><strong><br />
Mitglied der Wirtschaftskammer Niederösterreich</strong><br />
<a href="http://firmen.wko.at/Web/DetailsKontakt.aspx?FirmaID=691a3d5e-b422-4a83-9592-e85c34a08492&amp;StandortID=0&amp;Suchbegriff=Hotel+Wallner&amp;Page=1" target="_blank" rel="noopener noreferrer">Informationspflicht lt. § 5 Abs. 1 E-Commerce-Gesetz</a></p>
<p><a href="https://www.hotelwallner.at/wp2017/wp-content/uploads/2015/05/Agb_Hotellerie.pdf" target="_blank" rel="noopener noreferrer">Condizioni generali</a></p>
<p><strong><br />
Bildnachweis</strong><br />
Restaurant-Hotel Wallner GmbH<br />
© weinfranz.at</p>
<p>&nbsp;</p>
<p><a href="https://www.hotelwallner.at/datenschutzerklaerung/">Zur Datenschutzerklärung</a></p>
<p>&nbsp;</p>
<h2>Haftungsausschluss</h2>
<h4><strong>Inhalte</strong></h4>
<p>Der Autor übernimmt keinerlei Gewähr für die Aktualität, Korrektheit, Vollständigkeit oder Qualität der bereitgestellten Informationen. Haftungsansprüche gegen den Autor, welche sich auf Schäden materieller oder ideeller Art beziehen, die durch die Nutzung oder Nichtnutzung der dargebotenen Informationen bzw. durch die Nutzung fehlerhafter und unvollständiger Informationen verursacht wurden, sind grundsätzlich ausgeschlossen, sofern seitens des Autors kein nachweislich vorsätzliches oder grob fahrlässiges Verschulden vorliegt. Alle Angebote sind freibleibend und unverbindlich. Der Autor behält es sich ausdrücklich vor, Teile der Seiten oder das gesamte Angebot ohne gesonderte Ankündigung zu verändern, zu ergänzen, zu löschen oder die Veröffentlichung zeitweise oder endgültig einzustellen.</p>
<h4><strong>Urheber- und Nutzungsrechte</strong></h4>
<p>Sämtliche Inhalte wie Texte, Bilder, Grafiken, Animationen, Videos, Sound oder sonstige Materialien dieser Website sind, sofern nicht anders angegeben, Eigentum des Seitenbetreibers oder dessen Partner bzw. hat der Seitenbetreiber das Nutzungsrecht dafür. Sämtliche auf dieser Domain gehosteten Materialien dürfen nicht ohne ausdrückliche Zustimmung anderweitig verwendet werden.</p>
<h4><strong>Genderhinweis</strong></h4>
<p>Aus Gründen der einfacheren Lesbarkeit wird auf die geschlechtsspezifische Differenzierung verzichtet. Entsprechende Begriffe gelten im Sinne der Gleichbehandlung grundsätzlich für beide Geschlechter.</p>
<h2>Barrierefreiheit</h2>
<p>Wir versuchen unser bestes, diese Website hinsichtlich der Barrierefreiheit zu optimieren. Wenn Sie trotz unseres Bemühens auf Schwierigkeiten stoßen oder Anregungen zur Verbesserung haben, freuen wir uns über Ihr Feedback unter den oben angegebenen Kontaktdaten.</p>

		</div> 
	</div> </div></div></div></div></div><div      class="vc_row wpb_row section vc_row-fluid" style=' text-align:left;'><div class="full_section_inner clearfix"><div class="wpb_column vc_column_container vc_col-sm-12"><div class="vc_column-inner"><div class="wpb_wrapper">	<div class="vc_empty_space"  style="height: 32px" ><span
			class="vc_empty_space_inner">
			<span class="empty_space_image"  ></span>
		</span></div>

</div></div></div></div></div>

Impressum Seitenbetreiber und für den Inhalt verantwortlich: Restaurant-Hotel Wallner GmbH zum grünen Baum Westbahnstraße 58 4300 St.Valentin - Österreich Telefon: +43 7435/52454 Fax: +43 7435/52454-5 E-Mail: &#x69;&#110;&#102;o&#x40;&#x7a;&#117;m&#x2d;&#x67;&#114;u&#x65;&#x6e;&#101;n&#x2d;&#x62;&#97;u&#x6d;&#x2e;&#97;t &nbsp; Behörde: Bezirkshauptmannschaft Amstetten, UID: ATU-64515304; Firmenbuchnummer: FN 317089 h Mitglied der Wirtschaftskammer Niederösterreich Informationspflicht lt. § 5...

<!-- This site is optimized with the Yoast SEO plugin v22.3 - https://yoast.com/wordpress/plugins/seo/ -->
<title>Impressum - Restaurant-Hotel Wallner zum grünen Baum</title>
<meta name="robots" content="index, follow, max-snippet:-1, max-image-preview:large, max-video-preview:-1" />
<link rel="canonical" href="https://www.hotelwallner.at/it/impressum-2/" />
<meta property="og:locale" content="it_IT" />
<meta property="og:type" content="article" />
<meta property="og:title" content="Impressum - Restaurant-Hotel Wallner zum grünen Baum" />
<meta property="og:url" content="https://www.hotelwallner.at/it/impressum-2/" />
<meta property="og:site_name" content="Restaurant-Hotel Wallner zum grünen Baum" />
<meta property="article:publisher" content="https://www.facebook.com/restauranthotelwallner/" />
<meta property="article:modified_time" content="2023-06-20T12:39:52+00:00" />
<meta name="twitter:card" content="summary_large_image" />
<meta name="twitter:label1" content="Tempo di lettura stimato" />
	<meta name="twitter:data1" content="2 minuti" />
<script type="application/ld+json" class="yoast-schema-graph">{"@context":"https://schema.org","@graph":[{"@type":"WebPage","@id":"https://www.hotelwallner.at/impressum-2/","url":"https://www.hotelwallner.at/impressum-2/","name":"Impressum - Restaurant-Hotel Wallner zum grünen Baum","isPartOf":{"@id":"https://www.hotelwallner.at/#website"},"datePublished":"2023-04-03T15:30:31+00:00","dateModified":"2023-06-20T12:39:52+00:00","breadcrumb":{"@id":"https://www.hotelwallner.at/impressum-2/#breadcrumb"},"inLanguage":"it-IT","potentialAction":[{"@type":"ReadAction","target":["https://www.hotelwallner.at/impressum-2/"]}]},{"@type":"BreadcrumbList","@id":"https://www.hotelwallner.at/impressum-2/#breadcrumb","itemListElement":[{"@type":"ListItem","position":1,"name":"Startseite","item":"https://www.hotelwallner.at/"},{"@type":"ListItem","position":2,"name":"Impressum"}]},{"@type":"WebSite","@id":"https://www.hotelwallner.at/#website","url":"https://www.hotelwallner.at/","name":"Restaurant - Hotel Wallner","description":"Ihr Hotel &amp; Restaurant in St. Valentin im Mostviertel","publisher":{"@id":"https://www.hotelwallner.at/#organization"},"potentialAction":[{"@type":"SearchAction","target":{"@type":"EntryPoint","urlTemplate":"https://www.hotelwallner.at/?s={search_term_string}"},"query-input":"required name=search_term_string"}],"inLanguage":"it-IT"},{"@type":"Organization","@id":"https://www.hotelwallner.at/#organization","name":"Restaurant-Hotel Wallner zum grünen Baum","url":"https://www.hotelwallner.at/","logo":{"@type":"ImageObject","inLanguage":"it-IT","@id":"https://www.hotelwallner.at/#/schema/logo/image/","url":"https://www.hotelwallner.at/wp2017/wp-content/uploads/2015/05/wallner-Logo.png","contentUrl":"https://www.hotelwallner.at/wp2017/wp-content/uploads/2015/05/wallner-Logo.png","width":500,"height":245,"caption":"Restaurant-Hotel Wallner zum grünen Baum"},"image":{"@id":"https://www.hotelwallner.at/#/schema/logo/image/"},"sameAs":["https://www.facebook.com/restauranthotelwallner/","https://www.instagram.com/restaurant_hotel_wallner/"]}]}</script>
<!-- / Yoast SEO plugin. -->

Impressum - Restaurant-Hotel Wallner zum grünen Baum

Restaurant-Hotel Wallner zum grünen Baum
